at is the hundreds digit of 102949?
9
What is the millions digit of 1270375?
1
What is the thousands digit of 8014744?
4
What is the units digit of 536580?
0
What is the hundred thousands digit of 3841981?
8
What is the thousands digit of 156561?
6
What is the thousands digit of 385243?
5
What is the units digit of 7790317?
7
What is the thousands digit of 243465?
3
What is the hundreds digit of 128265?
2
What is the hundred thousands digit of 344925?
3
What is the thousands digit of 151990?
1
What is the ten thousands digit of 219461?
1
What is the hundreds digit of 83858?
8
What is the hundreds digit of 424236?
2
What is the tens digit of 38476236?
3
What is the units digit of 4714912?
2
What is the tens digit of 3491384?
8
What is the hundreds digit of 948796?
7
What is the thousands digit of 96478?
6
What is the hundreds digit of 1087300?
3
What is the units digit of 23258140?
0
What is the thousands digit of 1120988?
0
What is the hundreds digit of 1705380?
3
What is the hundred thousands digit of 402418?
4
What is the hundreds digit of 155447?
4
What is the thousands digit of 1482976?
2
What is the thousands digit of 758362?
8
What is the hundreds digit of 31680376?
3
What is the tens digit of 652856?
5
What is the thousands digit of 1865002?
5
What is the ten millions digit of 38929784?
3
What is the units digit of 20472?
2
What is the hundreds digit of 2771216?
2
What is the thousands digit of 85270?
5
What is the tens digit of 13494079?
7
What is the hundreds digit of 10129578?
5
What is the ten thousands digit of 754074?
5
What is the tens digit of 2996043?
4
What is the tens digit of 392924?
2
What is the millions digit of 1566052?
1
What is the tens digit of 14165969?
6
What is the hundreds digit of 15089742?
7
What is the tens digit of 14977683?
8
What is the units digit of 9919717?
7
What is the thousands digit of 10336636?
6
What is the thousands digit of 1067953?
7
What is the hundreds digit of 228556?
5
What is the thousands digit of 2479513?
9
What is the thousands digit of 83659?
3
What is the units digit of 323334?
4
What is the thousands digit of 727106?
7
What is the thousands digit of 8003994?
3
What is the units digit of 408421?
1
What is the hundreds digit of 305980?
9
What is the millions digit of 1051362?
1
What is the units digit of 645987?
7
What is the ten thousands digit of 452342?
5
What is the hundreds digit of 10616763?
7
What is the hundreds digit of 274335?
3
What is the hundred thousands digit of 232415?
2
What is the ten thousands digit of 15681?
1
What is the hundreds digit of 7634500?
5
What is the hundred thousands digit of 158717?
1
What is the thousands digit of 230871?
0
What is the thousands digit of 168572?
8
What is the ten thousands digit of 194127?
9
What is the hundreds digit of 20743510?
5
What is the hundreds digit of 620171?
1
What is the hundreds digit of 239372?
3
What is the tens digit of 1365897?
9
What is the hundred thousands digit of 4511191?
5
What is the thousands digit of 113459?
3
What is the tens digit of 237441?
4
What is the ten millions digit of 17003621?
1
What is the hundreds digit of 173606?
6
What is the ten thousands digit of 373289?
7
What is the tens digit of 552917?
1
What is the hundreds digit of 3368?
3
What is the ten thousands digit of 141163?
4
What is the ten thousands digit of 323553?
2
What is the thousands digit of 177014?
7
What is the thousands digit of 2863425?
3
What is the ten thousands digit of 51889?
5
What is the hundred thousands digit of 188274?
1
What is the thousands digit of 475542?
5
What is the ten thousands digit of 771871?
7
What is the ten thousands digit of 262627?
6
What is the tens digit of 324775?
7
What is the ten thousands digit of 1356813?
5
What is the ten thousands digit of 484401?
8
What is the ten thousands digit of 2382755?
8
What is the units digit of 102516?
6
What is the tens digit of 615862?
6
What is the millions digit of 2232687?
2
What is the units digit of 2126936?
6
What is the units digit of 28181818?
8
What is the tens digit of 70632?
3
What is the units digit of 601885?
5
What is the tens digit of 101953?
5
What is the ten thousands digit of 1965524?
6
What is the tens digit of 102906?
0
What is the ten thousands digit of 118253?
1
What is the hundred thousands digit of 9573222?
5
What is the ten thousands digit of 1204702?
0
What is the hundreds digit of 2434858?
8
What is the tens digit of 327465?
6
What is the ten millions digit of 15098977?
1
What is the units digit of 8032332?
2
What is the tens digit of 170714?
1
What is the thousands digit of 1106550?
6
What is the units digit of 814754?
4
What is the tens digit of 79909?
0
What is the hundred thousands digit of 10455218?
4
What is the hundred thousands digit of 4916414?
9
What is the ten thousands digit of 1103324?
0
What is the hundred thousands digit of 18159330?
1
What is the hundred thousands digit of 419098?
4
What is the thousands digit of 344244?
4
What is the tens digit of 2407298?
9
What is the thousands digit of 1224277?
4
What is the tens digit of 2314636?
3
What is the units digit of 6536905?
5
What is the ten thousands digit of 1263858?
6
What is the ten thousands digit of 944402?
4
What is the tens digit of 295980?
8
What is the thousands digit of 20016940?
6
What is the ten thousands digit of 1100399?
0
What is the hundreds digit of 680436?
4
What is the hundred thousands digit of 975339?
9
What is the hundreds digit of 106642?
6
What is the thousands digit of 93271?
3
What is the units digit of 18344962?
2
What is the thousands digit of 322679?
2
What is the hundreds digit of 1209601?
6
What is the millions digit of 5805915?
5
What is the hundred thousands digit of 1265391?
2
What is the hundred thousands digit of 8053664?
0
What is the hundred thousands digit of 8942525?
9
What is the ten millions digit of 14645434?
1
What is the hundred thousands digit of 4803118?
8
What is the tens digit of 998696?
9
What is the hundred thousands digit of 12535174?
5
What is the hundred thousands digit of 997656?
9
What is the hundreds digit of 3282194?
1
What is the thousands digit of 14409301?
9
What is the units digit of 125511?
1
What is the hundred thousands digit of 412142?
4
What is the tens digit of 555272?
7
What is the units digit of 2990315?
5
What is the hundreds digit of 2718559?
5
What is the units digit of 283759?
9
What is the hundred thousands digit of 13949517?
9
What is the tens digit of 39214?
1
What is the units digit of 191108?
8
What is the ten thousands digit of 228898?
2
What is the millions digit of 2013163?
2
What is the millions digit of 1319761?
1
What is the tens digit of 7027469?
6
What is the thousands digit of 6384680?
4
What is the millions digit of 2950294?
2
What is the ten thousands digit of 1894538?
9
What is the hundreds digit of 16859307?
3
What is the hundreds digit of 2822379?
3
What is the ten thousands digit of 4842015?
4
What is the ten thousands digit of 5512115?
1
What is the thousands digit of 5613799?
3
What is the units digit of 3514973?
3
What is the units digit of 20144597?
7
What is the ten thousands digit of 1990660?
9
What is the hundreds digit of 87655?
6
What is the tens digit of 122877?
7
What is the units digit of 446031?
1
What is the tens digit of 333872?
7
What is the thousands digit of 28714669?
4
What is the ten thousands digit of 21723397?
2
What is the thousands digit of 2354947?
4
What is the ten thousands digit of 2604540?
0
What is the hundred thousands digit of 251847?
2
What is the thousands digit of 681965?
1
What is the hundred thousands digit of 210448?
2
What is the hundreds digit of 8743175?
1
What is the thousands digit of 583782?
3
What is the hundred thousands digit of 233121?
2
What is the thousands digit of 1079638?
9
What is the hundred thousands digit of 259934?
2
What is the hundreds digit of 178083?
0
What is the units digit of 171345?
5
What is the thousands digit of 8812782?
2
What is the thousands digit of 2093942?
3
What is the millions digit of 1458018?
1
What is the thousands digit of 10441020?
1
What is the units digit of 738399?
9
What is the thousands digit of 4839967?
9
What is the ten thousands digit of 30365?
3
What is the tens digit of 393397?
9
What is the 